{"id":607,"date":"2020-01-08T19:56:49","date_gmt":"2020-01-08T18:56:49","guid":{"rendered":"http:\/\/innovideasas.com\/?page_id=607"},"modified":"2026-02-19T11:35:11","modified_gmt":"2026-02-19T10:35:11","slug":"introduction","status":"publish","type":"page","link":"https:\/\/innovideasas.com\/index.php\/fr\/","title":{"rendered":"Introduction"},"content":{"rendered":"\n<p class=\"wp-block-paragraph\">INNOVIDEA propose des innovations pour l&#8217;environnement, l&#8217;industrie et la sant\u00e9 bas\u00e9es principalement sur la photonique. Ces solutions utilisent le visible (CMOS HDR ou faible bruit) et l&#8217;infrarouge (SWIR, MWIR, LWIR) pour l&#8217;imagerie, la thermographie et la mesure optique sans contact permettent de r\u00e9pondre \u00e0 vos besoins.<\/p>\n\n\n\n<p class=\"wp-block-paragraph\">Les applications adress\u00e9es englobent entre autres le soudage et la fabrication additive m\u00e9tal (WAAM, WLAM, DED, la d\u00e9tection de fuites de gaz (CH4, NH3, CO2, SF6, &#8230;), les sciences de la vie et la sant\u00e9 ( photobiostimulation), l&#8217;environnement.<\/p>\n\n\n\n<p class=\"wp-block-paragraph\">.<\/p>\n","protected":false},"excerpt":{"rendered":"<p>INNOVIDEA propose des innovations pour l&#8217;environnement, l&#8217;industrie et la sant\u00e9 bas\u00e9es principalement sur la photonique. Ces solutions utilisent le visible (CMOS HDR ou faible bruit) et l&#8217;infrarouge (SWIR, MWIR, LWIR) pour l&#8217;imagerie, la thermographie et la mesure optique sans contact permettent de r\u00e9pondre \u00e0 vos besoins. Les applications adress\u00e9es englobent entre autres le soudage et &hellip; <\/p>\n<p class=\"link-more\"><a href=\"https:\/\/innovideasas.com\/index.php\/fr\/\" class=\"more-link\">Continue reading<span class=\"screen-reader-text\"> &#8220;Introduction&#8221;<\/span><\/a><\/p>\n","protected":false},"author":1,"featured_media":0,"parent":0,"menu_order":0,"comment_status":"closed","ping_status":"closed","template":"","meta":{"_crdt_document":"","footnotes":""},"class_list":["post-607","page","type-page","status-publish","hentry"],"yoast_head":"<!-- This site is optimized with the Yoast SEO plugin v27.3 - https:\/\/yoast.com\/product\/yoast-seo-wordpress\/ -->\n<title>Introduction - INNOVIDEA<\/title>\n<meta name=\"description\" content=\"INNOVIDEA propose avec ses partenaires des innovations en photonique (visible, infrarouge) vous permettant d&#039;apporter des solutions pertinentes pour l&#039;environnement, l&#039;industrie et la sant\u00e9.\" \/>\n<meta name=\"robots\" content=\"index, follow, max-snippet:-1, max-image-preview:large, max-video-preview:-1\" \/>\n<link rel=\"canonical\" href=\"https:\/\/innovideasas.com\/index.php\/fr\/\" \/>\n<meta property=\"og:locale\" content=\"en_US\" \/>\n<meta property=\"og:type\" content=\"article\" \/>\n<meta property=\"og:title\" content=\"Introduction - INNOVIDEA\" \/>\n<meta property=\"og:description\" content=\"INNOVIDEA propose avec ses partenaires des innovations en photonique (visible, infrarouge) vous permettant d&#039;apporter des solutions pertinentes pour l&#039;environnement, l&#039;industrie et la sant\u00e9.\" \/>\n<meta property=\"og:url\" content=\"https:\/\/innovideasas.com\/index.php\/fr\/\" \/>\n<meta property=\"og:site_name\" content=\"INNOVIDEA\" \/>\n<meta property=\"article:modified_time\" content=\"2026-02-19T10:35:11+00:00\" \/>\n<meta name=\"twitter:card\" content=\"summary_large_image\" \/>\n<meta name=\"twitter:label1\" content=\"Est. reading time\" \/>\n\t<meta name=\"twitter:data1\" content=\"1 minute\" \/>\n<script type=\"application\/ld+json\" class=\"yoast-schema-graph\">{\"@context\":\"https:\\\/\\\/schema.org\",\"@graph\":[{\"@type\":\"WebPage\",\"@id\":\"https:\\\/\\\/innovideasas.com\\\/index.php\\\/fr\\\/\",\"url\":\"https:\\\/\\\/innovideasas.com\\\/index.php\\\/fr\\\/\",\"name\":\"Introduction - INNOVIDEA\",\"isPartOf\":{\"@id\":\"https:\\\/\\\/innovideasas.com\\\/#website\"},\"datePublished\":\"2020-01-08T18:56:49+00:00\",\"dateModified\":\"2026-02-19T10:35:11+00:00\",\"description\":\"INNOVIDEA propose avec ses partenaires des innovations en photonique (visible, infrarouge) vous permettant d'apporter des solutions pertinentes pour l'environnement, l'industrie et la sant\u00e9.\",\"breadcrumb\":{\"@id\":\"https:\\\/\\\/innovideasas.com\\\/index.php\\\/fr\\\/#breadcrumb\"},\"inLanguage\":\"en-US\",\"potentialAction\":[{\"@type\":\"ReadAction\",\"target\":[\"https:\\\/\\\/innovideasas.com\\\/index.php\\\/fr\\\/\"]}]},{\"@type\":\"BreadcrumbList\",\"@id\":\"https:\\\/\\\/innovideasas.com\\\/index.php\\\/fr\\\/#breadcrumb\",\"itemListElement\":[{\"@type\":\"ListItem\",\"position\":1,\"name\":\"Home\",\"item\":\"https:\\\/\\\/innovideasas.com\\\/\"},{\"@type\":\"ListItem\",\"position\":2,\"name\":\"Introduction\"}]},{\"@type\":\"WebSite\",\"@id\":\"https:\\\/\\\/innovideasas.com\\\/#website\",\"url\":\"https:\\\/\\\/innovideasas.com\\\/\",\"name\":\"INNOVIDEA\",\"description\":\"Dare to export your Innovations ! Osez exporter vos Innovations!\",\"publisher\":{\"@id\":\"https:\\\/\\\/innovideasas.com\\\/#organization\"},\"potentialAction\":[{\"@type\":\"SearchAction\",\"target\":{\"@type\":\"EntryPoint\",\"urlTemplate\":\"https:\\\/\\\/innovideasas.com\\\/?s={search_term_string}\"},\"query-input\":{\"@type\":\"PropertyValueSpecification\",\"valueRequired\":true,\"valueName\":\"search_term_string\"}}],\"inLanguage\":\"en-US\"},{\"@type\":\"Organization\",\"@id\":\"https:\\\/\\\/innovideasas.com\\\/#organization\",\"name\":\"Innovidea\",\"url\":\"https:\\\/\\\/innovideasas.com\\\/\",\"logo\":{\"@type\":\"ImageObject\",\"inLanguage\":\"en-US\",\"@id\":\"https:\\\/\\\/innovideasas.com\\\/#\\\/schema\\\/logo\\\/image\\\/\",\"url\":\"https:\\\/\\\/innovideasas.com\\\/wp-content\\\/uploads\\\/2018\\\/07\\\/logo_innovidea_color-e1535710679100.png\",\"contentUrl\":\"https:\\\/\\\/innovideasas.com\\\/wp-content\\\/uploads\\\/2018\\\/07\\\/logo_innovidea_color-e1535710679100.png\",\"width\":500,\"height\":500,\"caption\":\"Innovidea\"},\"image\":{\"@id\":\"https:\\\/\\\/innovideasas.com\\\/#\\\/schema\\\/logo\\\/image\\\/\"},\"sameAs\":[\"https:\\\/\\\/www.linkedin.com\\\/company\\\/innovidea-sas\\\/\",\"https:\\\/\\\/www.youtube.com\\\/channel\\\/UCf0dy4i4mt7B9QMIgs90E7Q\\\/playlists\"]}]}<\/script>\n<!-- \/ Yoast SEO plugin. -->","yoast_head_json":{"title":"Introduction - INNOVIDEA","description":"INNOVIDEA propose avec ses partenaires des innovations en photonique (visible, infrarouge) vous permettant d'apporter des solutions pertinentes pour l'environnement, l'industrie et la sant\u00e9.","robots":{"index":"index","follow":"follow","max-snippet":"max-snippet:-1","max-image-preview":"max-image-preview:large","max-video-preview":"max-video-preview:-1"},"canonical":"https:\/\/innovideasas.com\/index.php\/fr\/","og_locale":"en_US","og_type":"article","og_title":"Introduction - INNOVIDEA","og_description":"INNOVIDEA propose avec ses partenaires des innovations en photonique (visible, infrarouge) vous permettant d'apporter des solutions pertinentes pour l'environnement, l'industrie et la sant\u00e9.","og_url":"https:\/\/innovideasas.com\/index.php\/fr\/","og_site_name":"INNOVIDEA","article_modified_time":"2026-02-19T10:35:11+00:00","twitter_card":"summary_large_image","twitter_misc":{"Est. reading time":"1 minute"},"schema":{"@context":"https:\/\/schema.org","@graph":[{"@type":"WebPage","@id":"https:\/\/innovideasas.com\/index.php\/fr\/","url":"https:\/\/innovideasas.com\/index.php\/fr\/","name":"Introduction - INNOVIDEA","isPartOf":{"@id":"https:\/\/innovideasas.com\/#website"},"datePublished":"2020-01-08T18:56:49+00:00","dateModified":"2026-02-19T10:35:11+00:00","description":"INNOVIDEA propose avec ses partenaires des innovations en photonique (visible, infrarouge) vous permettant d'apporter des solutions pertinentes pour l'environnement, l'industrie et la sant\u00e9.","breadcrumb":{"@id":"https:\/\/innovideasas.com\/index.php\/fr\/#breadcrumb"},"inLanguage":"en-US","potentialAction":[{"@type":"ReadAction","target":["https:\/\/innovideasas.com\/index.php\/fr\/"]}]},{"@type":"BreadcrumbList","@id":"https:\/\/innovideasas.com\/index.php\/fr\/#breadcrumb","itemListElement":[{"@type":"ListItem","position":1,"name":"Home","item":"https:\/\/innovideasas.com\/"},{"@type":"ListItem","position":2,"name":"Introduction"}]},{"@type":"WebSite","@id":"https:\/\/innovideasas.com\/#website","url":"https:\/\/innovideasas.com\/","name":"INNOVIDEA","description":"Dare to export your Innovations ! Osez exporter vos Innovations!","publisher":{"@id":"https:\/\/innovideasas.com\/#organization"},"potentialAction":[{"@type":"SearchAction","target":{"@type":"EntryPoint","urlTemplate":"https:\/\/innovideasas.com\/?s={search_term_string}"},"query-input":{"@type":"PropertyValueSpecification","valueRequired":true,"valueName":"search_term_string"}}],"inLanguage":"en-US"},{"@type":"Organization","@id":"https:\/\/innovideasas.com\/#organization","name":"Innovidea","url":"https:\/\/innovideasas.com\/","logo":{"@type":"ImageObject","inLanguage":"en-US","@id":"https:\/\/innovideasas.com\/#\/schema\/logo\/image\/","url":"https:\/\/innovideasas.com\/wp-content\/uploads\/2018\/07\/logo_innovidea_color-e1535710679100.png","contentUrl":"https:\/\/innovideasas.com\/wp-content\/uploads\/2018\/07\/logo_innovidea_color-e1535710679100.png","width":500,"height":500,"caption":"Innovidea"},"image":{"@id":"https:\/\/innovideasas.com\/#\/schema\/logo\/image\/"},"sameAs":["https:\/\/www.linkedin.com\/company\/innovidea-sas\/","https:\/\/www.youtube.com\/channel\/UCf0dy4i4mt7B9QMIgs90E7Q\/playlists"]}]}},"_links":{"self":[{"href":"https:\/\/innovideasas.com\/index.php\/wp-json\/wp\/v2\/pages\/607","targetHints":{"allow":["GET"]}}],"collection":[{"href":"https:\/\/innovideasas.com\/index.php\/wp-json\/wp\/v2\/pages"}],"about":[{"href":"https:\/\/innovideasas.com\/index.php\/wp-json\/wp\/v2\/types\/page"}],"author":[{"embeddable":true,"href":"https:\/\/innovideasas.com\/index.php\/wp-json\/wp\/v2\/users\/1"}],"replies":[{"embeddable":true,"href":"https:\/\/innovideasas.com\/index.php\/wp-json\/wp\/v2\/comments?post=607"}],"version-history":[{"count":5,"href":"https:\/\/innovideasas.com\/index.php\/wp-json\/wp\/v2\/pages\/607\/revisions"}],"predecessor-version":[{"id":1517,"href":"https:\/\/innovideasas.com\/index.php\/wp-json\/wp\/v2\/pages\/607\/revisions\/1517"}],"wp:attachment":[{"href":"https:\/\/innovideasas.com\/index.php\/wp-json\/wp\/v2\/media?parent=607"}],"curies":[{"name":"wp","href":"https:\/\/api.w.org\/{rel}","templated":true}]}}